4a425dc
In base 5, what is -34442222 + 224?
-34441443
In base 14, what is -304 - -1820?
151a
In base 14, what is 56cb4 - -29?
56cdd
In base 15, what is -211 - -102?
-10e
In base 14, what is -b4b - -5dc28?
5d0bb
In base 12, what is 4 - -1a39190?
1a39194
In base 4, what is -1 - 12121220120?
-12121220121
In base 7, what is -2 - -315241624?
315241622
In base 14, what is 56a175 - 3?
56a172
In base 7, what is 1426526266 - -4?
1426526303
In base 14, what is -c7ba + -400?
-cbba
In base 7, what is 2066136 + -262?
2065544
In base 4, what is -3320211 + 210033?
-3110112
In base 2, what is -100 - -1001001111101001011111011?
1001001111101001011110111
In base 6, what is 213510 + 10410?
224320
In base 14, what is -62336 - 13c?
-62474
In base 7, what is -13346 + 221122?
204443
In base 13, what is 3383 + 1751?
4b04
In base 2, what is -1000 - 100010001100001101111?
-100010001100001110111
In base 15, what is 68c7 + -27?
68a0
In base 12, what is -562 + 10ab3?
10551
In base 4, what is 1210003 - 1033011?
110332
In base 10, what is 3 - -11524185?
11524188
In base 14, what is -1546703 + -5?
-1546708
In base 13, what is 7 - 6322a5?
-63229b
In base 9, what is -28 + -6507084?
-6507123
In base 11, what is 50a8 + -1337?
3871
In base 16, what is f63 + e5?
1048
In base 3, what is 2 + -2100012122222002?
-2100012122222000
In base 14, what is -42631 - 9ca?
-4321b
In base 5, what is 211013 + -2023441?
-1312423
In base 10, what is 4921211 + 4?
4921215
In base 13, what is -37932 - 4a?
-3797c
In base 12, what is a0a3 + 123?
a206
In base 8, what is 3200 - -43?
3243
In base 4, what is 122100211332 + -1?
122100211331
In base 14, what is -1b8 + 2d5b?
2b83
In base 7, what is -24 + 402454343?
402454316
In base 16, what is -7215d47 + 5?
-7215d42
In base 14, what is -c72c8 + 1b3?
-c7115
In base 12, what is 7886 - 1a?
7868
In base 3, what is -110102000 - -211001?
-102120222
In base 11, what is a4712 + 1a8?
a490a
In base 9, what is -64 + 70023?
68848
In base 13, what is -6 - -168905c9?
168905c3
In base 10, what is 81766338 + 2?
81766340
In base 8, what is -17174403 + -145?
-17174550
In base 15, what is -8968a1 - -3e?
-896862
In base 14, what is -1000 + -355d?
-455d
In base 7, what is 635 - 241436?
-240501
In base 8, what is -12 - -110705?
110673
In base 14, what is 3d7a9612 - 0?
3d7a9612
In base 12, what is -480070 + 13?
-480059
In base 14, what is a8d900 - 1?
a8d8dd
In base 10, what is -3126907 - 2?
-3126909
In base 3, what is -20021012111121 - 11220?
-20021012200111
In base 5, what is 11 - -113234011414?
113234011430
In base 5, what is -30312 + 413143?
332331
In base 12, what is 94a + -1517?
-789
In base 5, what is 202333042043 + -1?
202333042042
In base 5, what is 11 - 122214230?
-122214214
In base 15, what is -5d4ac901 - 3?
-5d4ac904
In base 16, what is 2296 - 4e7?
1daf
In base 15, what is -7bb3a - 9?
-7bb44
In base 8, what is 42520427 + 3?
42520432
In base 3, what is 100221121020102121 + -2?
100221121020102112
In base 13, what is 6 + 2389b?
238a4
In base 11, what is 21 - 42a0839?
-42a0818
In base 3, what is -12201 - 20011200100?
-20011220001
In base 14, what is -69b35 + 31?
-69b04
In base 13, what is 3c7 + -1b602?
-1b208
In base 7, what is -52 - -2253055?
2253003
In base 15, what is -5 + -129d08d?
-129d093
In base 16, what is -3198 - 2c6?
-345e
In base 5, what is 4223011 + -143?
4222313
In base 13, what is -78 + 911910?
911865
In base 2, what is -100000110110111 + -10010010111001?
-110011001110000
In base 9, what is 2720345 - 0?
2720345
In base 16, what is -37 - -4ff8c9?
4ff892
In base 10, what is 180406891 + -1?
180406890
In base 11, what is 88a74918 - 5?
88a74913
In base 3, what is 11110020220 + -11021?
11110002122
In base 3, what is -200012 - 1001101021201?
-1001101221220
In base 12, what is 1506 + 656?
1b60
In base 7, what is -10 + 1165036416?
1165036406
In base 2, what is -1100110000000010100010100110 - -100?
-1100110000000010100010100010
In base 2, what is -1011110011100 + 101110011010?
-110000000010
In base 13, what is -4023b - -19?
-40222
In base 5, what is -401 + -1102101?
-1103002
In base 4, what is 2022303113 + 103?
2022303222
In base 8, what is -6561547 - -6?
-6561541
In base 15, what is -5 - 307230?
-307235
In base 11, what is -548088 - 4?
-548091
In base 5, what is -210234 + -20431?
-231220
In base 3, what is 100110012001 - -20201?
100110102202
In base 16, what is 4153bf - 2?
4153bd
In base 9, what is -12465461 - -76?
-12465374
In base 7, what is 264246 + -1331?
262615
In base 11, what is 200 - 89278?
-89078
In base 8, what is 4 - -237765404?
237765410
In base 5, what is 24120 + 412324?
441444
In base 13, what is 1a14 + -310c?
-13c8
In base 11, what is -186301 + -60?
-186361
In base 7, what is 52 + 200416243?
200416325
In base 12, what is 135 - 16111?
-15b98
In base 15, what is -8 - 147d2b7?
-147d2c0
In base 5, what is -1214043 - -3122301?
1403203
In base 4, what is 2112322 - -20323121?
23102103
In base 9, what is -4473 + 1887?
-2475
In base 6, what is -33 - 3035553023?
-3035553100
In base 15, what is -12183 + -3333?
-154b6
In base 5, what is -3 + 2431213224?
2431213221
In base 7, what is 4 - -211556331?
211556335
In base 9, what is 2086 + -5461?
-3364
In base 8, what is 1055504 - -100?
1055604
In base 6, what is 42343 - -1041402?
1124145
In base 15, what is 33345a - 1e6?
333264
In base 3, what is -212201 - -211110000102?
211102010201
In base 11, what is 86a - a9169?
-a83aa
In base 15, what is -5 + -2410e?
-24114
In base 15, what is -e5 - 4604d0?
-4605c5
In base 8, what is -4 + -5175574?
-5175600
In base 4, what is -23300313011 - -11?
-23300313000
In base 2, what is -11101111111011 - 1110101010111?
-101100101010010
In base 13, what is 112c + 11b38?
12c67
In base 10, what is -159042 + 175?
-158867
In base 13, what is -a7220c0 - 5?
-a7220c5
In base 13, what is 0 - b6cb14a?
-b6cb14a
In base 3, what is -201120011 - 1201212?
-210022000
In base 10, what is 114035 + 0?
114035
In base 14, what is 2d2 - 2856?
-2564
In base 10, what is -141 - 1366991?
-1367132
In base 8, what is -4 + -66263415?
-66263421
In base 9, what is 764 + 70573?
71447
In base 10, what is 7 + -3044184?
-3044177
In base 11, what is 3 + 1116275?
1116278
In base 11, what is -236 - 4979?
-5104
In base 11, what is 3923 - -192?
4005
In base 15, what is 3702 - 1814?
1ddd
In base 6, what is 221123551 + -30?
221123521
In base 11, what is 6066 + 3a406?
45471
In base 11, what is -819 + -5242?
-5a60
In base 13, what is -102217157 - 2?
-102217159
In base 7, what is -6026 - -130040?
121011
In base 9, what is 3 - -1280610?
1280613
In base 8, what is 205 - -6252?
6457
In base 15, what is -2 - b8d575?
-b8d577
In base 12, what is 75166711 - 3?
7516670a
In base 7, what is 355 + 52002020?
52002405
In base 16, what is 7d4ef5 + -2?
7d4ef3
In base 5, what is -3 - -3232031013?
3232031010
In base 5, what is 1320 + -1000122?
-443302
In base 2, what is 10 + 10010111111101001110110?
10010111111101001111000
In base 2, what is -1011110110011011 - -1001100?
-1011110101001111
In base 16, what is -fa + -37be?
-38b8
In base 16, what is -59c38d + 4?
-59c389
In base 14, what is -1cbd9b9 + -1?
-1cbd9ba
In base 9, what is -2685533 + 7?
-2685525
In base 12, what is -89602 + 17?
-895a7
In base 13, what is 4223a1 + -10?
422391
In base 5, what is -1 + -103104314?
-103104320
In base 14, what is 28d4 + da?
29d0
In base 7, what is 15104520 + 4?
15104524
In base 14, what is -15408 + 4dd?
-14d09
In base 5, what is -121 - 112202424?
-112203100
In base 11, what is -301 - 13811?
-14012
In base 8, what is -147 + -41004261?
-41004430
In base 9, what is -5 - 63321145?
-63321151
In base 6, what is -12103 + 22402515?
22350412
In base 14, what is 1225d4 - -207?
1227db
In base 16, what is -7f - a1e86?
-a1f05
In base 2, what is 101101101100 + -1100001101110101?
-1011100000001001
In base 14, what is 1ab6a42 + 0?
1ab6a42
In base 2, what is -10101001 - -10111111100011010000110?
10111111100010111011101
In base 6, what is 2103215 - -2054?
2105313
In base 11, what is -2513853 - -4?
-251384a
In base 16, what is -477 + ce2c?
c9b5
In base 16, what is 396f1 - 1?
396f0
In base 7, what is 336441453 + -4?
336441446
In base 16, what is 356 + 26799?
26aef
In base 16, what is 4 + -1c13b0?
-1c13ac
In base 8, what is 1216663 + 22?
1216705
In base 11, what is 30654 + -483?
30181
I